is the units digit of j(-3)?
3
Suppose 0*o + 5 = 5*o. Let a(m) = -m + 2 + 0*m**2 + 3*m**2 - m**2 + o. What is the tens digit of a(3)?
1
Let y(l) = -8*l - 1. What is the tens digit of y(-3)?
2
What is the units digit of 1*4/8*(58 - 0)?
9
Suppose -5*v - 11 + 111 = 0. Suppose 0 = 6*n - 11*n - v. What is the units digit of -3 + 3 + n/(-1)?
4
Suppose 2*t - b = -2*t + 105, 2*t + 4*b - 48 = 0. What is the tens digit of t?
2
Let c = -3 - -5. What is the units digit of c?
2
Suppose 0 = -n + 42 + 29. What is the tens digit of n?
7
Let i = 6 - 3. Let v be -1 + -3 + 1 + 4. Suppose -l + i = v. What is the units digit of l?
2
Suppose -3 + 43 = 5*z. Let a(m) = m**2 - 16*m + 19. Let r be a(15). What is the units digit of (z/r)/(2/9)?
9
Let p(r) = -2*r**2 - 4*r - 3. Let g be p(-2). Let y(q) = -2*q**2 - 6*q + 5. Let s be y(-5). What is the units digit of ((-18)/s)/(g/(-10))?
4
Let r be (3 - 0)/(-1 + 2). Let a(t) = -t**2 + 8*t - 5. Let y be a(7). Suppose k + r = y*k. What is the units digit of k?
3
Let j = -170 - -292. What is the tens digit of j?
2
Let i = 11 + -8. Suppose 0*v = i*v - 60. What is the tens digit of v?
2
Let c be 2/(-8) + 25/4. What is the units digit of (-86)/(-11) + c/33?
8
Let o(n) = -n + 1. Let c be o(0). Let v = 4 - c. What is the units digit of v?
3
Suppose -1 = -3*z + 23. What is the units digit of z?
8
Let t be 1/((8/(-12))/(-2)). Suppose -5*m + 175 = 2*i - 38, -t*m + 133 = -4*i. What is the tens digit of m?
4
Let n be ((-12)/(-5))/(7/35). What is the units digit of -1 + n/4 + 15?
7
Let v be (-8)/(-44) - 238/(-22). Let u(m) = -19*m**3 + 2*m**2 - 1. Let z be u(-1). Let l = z - v. What is the units digit of l?
9
Let a = -10 - -10. Suppose u + 81 = 4*w, u - 79 = -4*w - a*w. What is the units digit of w?
0
Let s(c) = -3*c**3 + 5*c**2 - 10*c + 6. Let n(i) = -13*i**3 + 19*i**2 - 41*i + 25. Let b(j) = 2*n(j) - 9*s(j). What is the units digit of b(6)?
8
Suppose -2*l - 9 + 1 = 0. Let r = 3 + l. Let x(m) = -7*m**3 - 2*m - 1. What is the units digit of x(r)?
8
Let i = -2 + 3. Let r be (0 - i)*2 + 2. Let w = r + 7. What is the units digit of w?
7
Suppose 20 = -h + 6*h. What is the tens digit of (-88)/(-6) + h/(-6)?
1
Let x(n) = -4*n + 2. Let h be x(-3). Suppose -5*k - 3*d + h = 0, k = 2*d + d - 8. Suppose k + 1 = 2*a. What is the units digit of a?
1
Let v(q) be the first derivative of q**5/20 - q**4/4 + q**3/6 + q**2 - 5*q - 5. Let s(a) be the first derivative of v(a). What is the tens digit of s(4)?
2
What is the units digit of ((-4960)/(-15))/4 + (-1)/(-3)?
3
Let j be 86/8 + (-1)/(-4). Let b be -2*(-2)/(-2)*-10. Let t = b - j. What is the units digit of t?
9
Let k = 5 + 2. Let u be (k + -1)*-1 - -2. What is the units digit of 40/u*(-16)/10?
6
Suppose 4*p - 19 + 3 = 0, -4*j - 5*p + 400 = 0. What is the units digit of j?
5
Let h(o) = 2*o**2 - 7*o + 7. Let k be 36/7 - 11/77. What is the units digit of h(k)?
2
Let d(c) = c**3 + 3*c**2 + 3*c + 3. Let i be d(-5). Let o = i - -40. Let l = -13 - o. What is the units digit of l?
9
Let b be 3 + (0 - 2 - -2). Let d = 6 - b. What is the units digit of d?
3
Let c = 4 + -2. Let n = 4 + c. What is the tens digit of ((-4)/n)/((-4)/66)?
1
Suppose -7*y = 5*p - 3*y - 90, -4*p + 72 = -2*y. Suppose 0*v = -x - 4*v + 13, -4*x + p = -v. What is the units digit of x?
5
Suppose -3*n + 5*d - 20 = 0, 25 - 5 = -n + 5*d. Suppose -4*t = -4*y - 108, y - 2*y - 5 = n. What is the units digit of t?
2
Suppose 4*s - 549 + 141 = 0. What is the hundreds digit of s?
1
Suppose -4 = 3*x - 7*x, 3*i + 2*x = 20. Suppose -y + i - 2 = 0. What is the units digit of y?
4
Let q(o) = 12*o**3 - 2*o**2 + 3*o - 5. What is the tens digit of q(2)?
8
Let p = 84 - 40. What is the tens digit of p?
4
Let u = 41 - 29. Suppose -30 = 3*r + 3*l, 2*l + u = -r - 0*l. What is the units digit of (-4)/(-2) - 1*r?
0
Let k be (-9 + 4)*(1 + -2). What is the tens digit of (2/k)/((-4)/(-120))?
1
Suppose 0 = -5*v - 41 + 276. What is the tens digit of v?
4
Suppose u - 4*u = 48. Let i = u - -36. What is the units digit of i?
0
Suppose 0 = 2*l - 43 - 1. Let s = l + -15. Suppose -s*z + 40 = -2*z. What is the units digit of z?
8
Suppose -5*x = 5*j - 25, 5*x = 3*j - j + 4. Let g be 28/4*x/2. Let l = 14 - g. What is the units digit of l?
7
What is the units digit of ((4/(-4) - -2) + 132)/1?
3
Suppose 3*g = -d - 5, -4*d + 3*g - 2*g = -32. Let v be 37/d - 4/14. Suppose -4*j - v = -9*j. What is the units digit of j?
1
Suppose 4*j - i - 51 = 2*i, 30 = 3*j - 5*i. What is the units digit of j?
5
Let u = 25 + 22. What is the tens digit of u?
4
Let v be (2 + 0)*(-71)/(-2). Let z = 107 - v. Suppose 3*p = -2*f + z, -3*p - 4*f + 37 - 7 = 0. What is the units digit of p?
4
Let r = -46 - -117. Let k = r + -38. What is the tens digit of k?
3
Let z = -7 + 178. What is the tens digit of z?
7
Suppose 2*y - 154 = 8. Suppose -5*s - 13 + y = 4*w, -w - 83 = -5*s. What is the tens digit of s?
1
Let g(n) = 7*n**2 + 2*n + 1. Let q be g(-1). Let i be 2/3*63/q. Let w = i + 2. What is the units digit of w?
9
Let n(m) = 2*m**2 - 4*m. Let l = -3 + 6. Let p be n(l). Suppose 3*j - 3 = 3*h, -h = j + 3*h - p. What is the units digit of j?
2
Suppose 0 = 5*f - 2*f - 6. Suppose 0 = -f*n - 5*p + 29, -4*n - 2*p = -33 - 17. What is the tens digit of n?
1
Let b(s) = 11*s**2 - 4. Let y(x) = -11*x**2 + 3. Let p(t) = -2*b(t) - 3*y(t). Let o be -3*(1 + 4/(-6)). What is the units digit of p(o)?
0
Suppose 0 = -2*z - 5*p + 29, 3*p - 97 = -4*z + 6*p. What is the tens digit of z?
2
Let f be 29 + 0 - (4 + -2). Let x = f - 19. What is the units digit of x?
8
Let w(l) be the first derivative of -l**4/4 + 2*l**3/3 - l**2 - l - 1. Let h be w(2). What is the units digit of 4 - h/((-10)/(-4))?
6
Let g(f) = 2 - 7 + 1 - 4*f. Let p(o) = -o**2 + o + 3. Let k be p(3). What is the units digit of g(k)?
8
Suppose -5*w + 3*w = 5*f - 233, 4*f - 2*w - 172 = 0. Let o = f + 10. Suppose 2*c = -3*c + o. What is the units digit of c?
1
Let i = 136 + -93. What is the tens digit of i?
4
Let v(k) = k - 2. Let f be v(2). Suppose -4*r + 38 + 26 = f. What is the units digit of r?
6
Let i(d) = -d**2 - 3*d - 2. Let c(b) = -2*b**2 - 5*b - 3. Let f(v) = -4*c(v) + 9*i(v). Let a be f(-6). What is the units digit of a + ((-2)/(-2) - -3)?
4
Suppose 56 = 2*n - c, -3*n + 2*n + 5*c + 46 = 0. Suppose -v - 2*w = -0*w - 4, 5*v + 4*w - n = 0. What is the units digit of v?
6
Suppose -102 = -5*j + 18. Let v be ((-34)/(-4))/(7/28). Let k = v - j. What is the units digit of k?
0
Let w(i) = 10*i - 13. What is the units digit of w(10)?
7
Suppose -3*l + 0*l + 917 = -2*q, 5*q = l - 310. What is the units digit of l?
5
Let c(b) = b + 2. What is the units digit of c(1)?
3
Suppose 0 = -2*y - 2*v + 598, -2*y + 52 + 554 = -2*v. What is the hundreds digit of y?
3
Let p = 5 - -6. Suppose -2*t + p = -5. What is the units digit of t?
8
Let s(k) = 4*k - 3. Let w be s(2). Suppose 0*m + n = -5*m - 2, 10 = -w*n. Suppose 0 = -2*x + 3*i - m*i + 21, x - 5 = -4*i. What is the units digit of x?
9
Let q(k) = -2*k - 8. Let a be (2 - 0/3) + -8. Let u be q(a). Let j(i) = -i**3 + 4*i**2 + i + 3. What is the units digit of j(u)?
7
Let s = 6 - 12. Let h be (s/5)/(6/(-15)). Suppose -h*u - 2*u + 20 = 0. What is the units digit of u?
4
Let u be 2*(4 - (1 - -2)). Suppose 6*m - u*m - 48 = 0. What is the units digit of m?
2
Suppose 4*m = -23 + 123. What is the units digit of m?
5
Let x = 4 - 4. Suppose x = -5*b - 28 - 27. Let n = -7 - b. What is the units digit of n?
4
Suppose 2*f + 18 = 2*j, 2*j + 0*f = 3*f + 14. What is the units digit of j?
3
Suppose 4*y = 2*y - 24. Let v be -1*(-3)/(-9)*y. Suppose 4 = -2*s - v, 3*s = -5*t + 18. What is the units digit of t?
6
What is the units digit of 0 + 1 - -2 - -3?
6
Let y = -18 - -33. Let i = y - 10. Suppose i*x - 25 - 15 = 0. What is the units digit of x?
8
Suppose 5*j + 33 = 143. What is the tens digit of j?
2
Suppose 1290 = 5*o - 0*o. Suppose 4*k = o - 58. Suppose k = 4*a + 3*n, -5*a + 6*a - 19 = -4*n. What is the tens digit of a?
1
Let y = 4 + -1. Suppose 0*f = -2*f - 4*s, -10 = -y*f - s. What is the units digit of f?
4
Suppose -3*v - 128 = 4*t + v, 3*v + 38 = -t. What is the units digit of 1/3 - t/3?
0
Let t(s) = s**3 + 3*s**2 + 2*s + 2. Let o be t(-2). Suppose g + 12 = -o*g. What is the units digit of 9/15*(1 - g)?
3
Suppose 8*l - 974 = -334. What is the 